when 331 is divided by 207?
124
Calculate the remainder when 562 is divided by 53.
32
Calculate the remainder when 882 is divided by 37.
31
What is the remainder when 215 is divided by 55?
50
What is the remainder when 1123 is divided by 527?
69
What is the remainder when 1273 is divided by 17?
15
Calculate the remainder when 231 is divided by 87.
57
Calculate the remainder when 431 is divided by 31.
28
What is the remainder when 307 is divided by 78?
73
Calculate the remainder when 237 is divided by 38.
9
What is the remainder when 801 is divided by 115?
111
Calculate the remainder when 2746 is divided by 40.
26
What is the remainder when 684 is divided by 86?
82
Calculate the remainder when 2335 is divided by 46.
35
What is the remainder when 357 is divided by 33?
27
Calculate the remainder when 42327 is divided by 104.
103
Calculate the remainder when 271 is divided by 94.
83
Calculate the remainder when 2962 is divided by 78.
76
What is the remainder when 539 is divided by 19?
7
Calculate the remainder when 56 is divided by 13.
4
Calculate the remainder when 3301 is divided by 35.
11
What is the remainder when 335 is divided by 111?
2
What is the remainder when 974 is divided by 346?
282
What is the remainder when 2352 is divided by 95?
72
What is the remainder when 95 is divided by 7?
4
What is the remainder when 2371 is divided by 165?
61
What is the remainder when 2781 is divided by 37?
6
Calculate the remainder when 497 is divided by 61.
9
Calculate the remainder when 3304 is divided by 43.
36
What is the remainder when 124 is divided by 39?
7
What is the remainder when 2601 is divided by 84?
81
Calculate the remainder when 51 is divided by 20.
11
Calculate the remainder when 203 is divided by 155.
48
Calculate the remainder when 232 is divided by 77.
1
What is the remainder when 2023 is divided by 8?
7
What is the remainder when 75 is divided by 68?
7
What is the remainder when 1875 is divided by 6?
3
Calculate the remainder when 2198 is divided by 169.
1
Calculate the remainder when 544 is divided by 89.
10
Calculate the remainder when 221 is divided by 28.
25
What is the remainder when 2077 is divided by 16?
13
What is the remainder when 194 is divided by 87?
20
What is the remainder when 71 is divided by 13?
6
What is the remainder when 302 is divided by 104?
94
Calculate the remainder when 1375 is divided by 683.
9
Calculate the remainder when 466 is divided by 154.
4
Calculate the remainder when 166 is divided by 12.
10
What is the remainder when 157 is divided by 77?
3
What is the remainder when 232 is divided by 106?
20
Calculate the remainder when 29 is divided by 26.
3
What is the remainder when 932 is divided by 85?
82
Calculate the remainder when 715 is divided by 91.
78
What is the remainder when 4376 is divided by 24?
8
What is the remainder when 2041 is divided by 95?
46
What is the remainder when 386 is divided by 39?
35
What is the remainder when 33647 is divided by 11?
9
Calculate the remainder when 79 is divided by 29.
21
Calculate the remainder when 14 is divided by 10.
4
What is the remainder when 83 is divided by 12?
11
What is the remainder when 612 is divided by 56?
52
What is the remainder when 193 is divided by 22?
17
What is the remainder when 1297 is divided by 59?
58
What is the remainder when 460 is divided by 42?
40
What is the remainder when 8083 is divided by 35?
33
What is the remainder when 1125 is divided by 280?
5
What is the remainder when 1391 is divided by 175?
166
What is the remainder when 826 is divided by 26?
20
What is the remainder when 230 is divided by 29?
27
What is the remainder when 95 is divided by 29?
8
Calculate the remainder when 90 is divided by 79.
11
What is the remainder when 21976 is divided by 198?
196
Calculate the remainder when 416 is divided by 251.
165
Calculate the remainder when 476 is divided by 157.
5
Calculate the remainder when 253 is divided by 43.
38
What is the remainder when 1463 is divided by 4?
3
What is the remainder when 20 is divided by 6?
2
What is the remainder when 748 is divided by 201?
145
Calculate the remainder when 1055 is divided by 22.
21
What is the remainder when 1377 is divided by 53?
52
Calculate the remainder when 330 is divided by 44.
22
Calculate the remainder when 146 is divided by 49.
48
What is the remainder when 1430 is divided by 39?
26
Calculate the remainder when 506 is divided by 47.
36
Calculate the remainder when 70 is divided by 24.
22
Calculate the remainder when 935 is divided by 9.
8
Calculate the remainder when 273 is divided by 141.
132
Calculate the remainder when 5372 is divided by 12.
8
What is the remainder when 23931 is divided by 7?
5
Calculate the remainder when 76 is divided by 26.
24
What is the remainder when 158 is divided by 29?
13
What is the remainder when 337 is divided by 31?
27
Calculate the remainder when 1032 is divided by 65.
57
Calculate the remainder when 784 is divided by 383.
18
Calculate the remainder when 31 is divided by 28.
3
Calculate the remainder when 8771 is divided by 33.
26
Calculate the remainder when 35 is divided by 15.
5
Calculate the remainder when 1539 is divided by 172.
163
Calculate the remainder when 35 is divided by 31.
4
Calculate the remainder when 916 is divided by 34.
32
Calculate the remainder when 59 is divided by 57.
2
Calculate the remainder when 430 is divided by 73.
65
What is the remainder when 197 is divided by 8?
5
What is the remainder when 1024 is divided by 69?
58
Calculate the remainder when 194 is divided by 30.
14
Calculate the remainder when 94 is divided by 45.
4
What is the remainder when 150 is divided by 20?
10
What is the remainder when 1611 is divided by 41?
12
What is the remainder when 144 is divided by 31?
20
What is the remainder when 332 is divided by 53?
14
What is the remainder when 861 is divided by 327?
207
What is the remainder when 316 is divided by 94?
34
What is the remainder when 73 is divided by 39?
34
What is the remainder when 1047 is divided by 15?
12
Calculate the remainder when 1160 is divided by 68.
4
What is the remainder when 2520 is divided by 32?
24
What is the remainder when 111 is divided by 8?
7
What is the remainder when 2234 is divided by 70?
64
Calculate the remainder when 1006 is divided by 14.
12
What is the remainder when 895 is divided by 24?
7
What is the remainder when 197 is divided by 41?
33
What is the remainder when 487 is divided by 99?
91
What is the remainder when 697 is divided by 28?
25
Calculate the remainder when 472 is divided by 8.
0
What is the remainder when 86 is divided by 11?
9
What is the remainder when 12500 is divided by 169?
163
Calculate the remainder when 4254 is divided by 32.
30
Calculate the remainder when 4980 is divided by 106.
104
What is the remainder when 168 is divided by 57?
54
What is the remainder when 237 is divided by 48?
45
Calculate the remainder when 266 is divided by 6.
2
Calculate the remainder when 947 is divided by 50.
47
What is the remainder when 115 is divided by 98?
17
Calculate the remainder when 176 is divided by 13.
7
What is the remainder when 146 is divided by 35?
6
Calculate the remainder when 238 is divided by 27.
22
What is the remainder when 309 is divided by 52?
49
What is the remainder when 120 is divided by 65?
55
Calculate the remainder when 10 is divided by 9.
1
Calculate the remainder when 403 is divided by 98.
11
What is the remainder when 7862 is divided by 3?
2
Calculate the remainder when 1046 is divided by 140.
66
Calculate the remainder when 51 is divided by 18.
15
Calculate the remainder when 168 is divided by 30.
18
What is the remainder when 95 is divided by 82?
13
Calculate the remainder when 84 is divided by 43.
41
What is the remainder when 49 is divided by 29?
20
What is the remainder when 5203 is divided by 38?
35
Calculate the remainder when 5191 is divided by 44.
43
What is the remainder when 146 is divided by 21?
20
Calculate the remainder when 5086 is divided by 76.
70
Calculate the remainder when 1358 is divided by 17.
15
What is the remainder when 78 is divided by 21?
15
What is the remainder when 40 is divided by 16?
8
Calculate the remainder when 769 is divided by 7.
6
What is the remainder when 1692 is divided by 32?
28
What is 